2 - -4?
533310
In base 3, what is 1010220112 + 10?
1010220122
In base 16, what is 12 + 94f?
961
In base 3, what is -1101121110 + 1?
-1101121102
In base 9, what is 38 - 48424?
-48375
In base 3, what is 1000 - -111002102?
111010102
In base 3, what is -210 - -2112200?
2111220
In base 16, what is 290 - 35?
25b
In base 4, what is 2232333301 - -12?
2232333313
In base 9, what is -3 + -21862?
-21865
In base 8, what is -2 - -424240?
424236
In base 6, what is 405 + 115?
524
In base 8, what is -121 + -13016?
-13137
In base 16, what is -5 - -2b343?
2b33e
In base 12, what is 443 + -6?
439
In base 16, what is b + 5ff?
60a
In base 16, what is 1922 - -42?
1964
In base 4, what is 31 + -10310321?
-10310230
In base 3, what is -2120211 - 100112?
-2221100
In base 16, what is 1 - d427?
-d426
In base 5, what is -304 + 113320?
113011
In base 13, what is -17 - 5cb?
-615
In base 5, what is -103223 - 33?
-103311
In base 11, what is 36 + 301?
337
In base 2, what is 1000011101 + -100?
1000011001
In base 12, what is -26 + -15670?
-15696
In base 16, what is 254d - -1?
254e
In base 11, what is a2834 + 2?
a2836
In base 12, what is -58 - -44533?
44497
In base 3, what is 110021022 - -22?
110021121
In base 15, what is -4 + -18d7?
-18db
In base 2, what is 1110011 + 111000011?
1000110110
In base 14, what is -1 + -13727a?
-13727b
In base 8, what is -4 + 12373?
12367
In base 15, what is -1c8 + -1a9?
-382
In base 4, what is 1 - 311103313?
-311103312
In base 7, what is 402630 - 1?
402626
In base 6, what is 221233404 + 0?
221233404
In base 10, what is -153369 + -15?
-153384
In base 14, what is a83 - -539?
11bc
In base 6, what is -12211024 + 4?
-12211020
In base 14, what is -74 + -197?
-22b
In base 15, what is -557 + -30?
-587
In base 16, what is -2f1 - 84?
-375
In base 11, what is -116 + 0?
-116
In base 6, what is 434231 - -1?
434232
In base 2, what is -1101100011101101 - 100010?
-1101100100001111
In base 4, what is 2333201302 + 3?
2333201311
In base 16, what is -51b + -9?
-524
In base 13, what is b68a6 + 4?
b68aa
In base 4, what is -2 + -3132322?
-3132330
In base 6, what is -1202 - -152?
-1010
In base 15, what is 702 + -d1?
621
In base 8, what is 517323 + 6?
517331
In base 16, what is -f52e + 1?
-f52d
In base 5, what is -13 + -10244?
-10312
In base 10, what is 0 + -4980?
-4980
In base 8, what is -1162041 + -3?
-1162044
In base 5, what is 433 - 11344?
-10411
In base 6, what is 4254 - -2115?
10413
In base 6, what is -1443 + 2053?
210
In base 5, what is -23313111 - -10?
-23313101
In base 9, what is 0 + -51715?
-51715
In base 10, what is 15 - -1364?
1379
In base 2, what is -100 - 110100100110101111111?
-110100100110110000011
In base 15, what is 2 + 2669?
266b
In base 12, what is -4 + -1613?
-1617
In base 15, what is 12 - a75?
-a63
In base 13, what is -c4 + 1c0?
c9
In base 2, what is -1 + -100010011000110010?
-100010011000110011
In base 10, what is -89329 + -2?
-89331
In base 8, what is 25 - 3123?
-3076
In base 10, what is 2184886 + -3?
2184883
In base 14, what is 74b10 - -6?
74b16
In base 9, what is 7 + -2421?
-2413
In base 2, what is -11111010011110001000 - -11?
-11111010011110000101
In base 10, what is -942 + 146?
-796
In base 14, what is 4ab - 12a9?
-bdc
In base 13, what is b + -21329?
-2131b
In base 14, what is -90c - 124?
-a32
In base 5, what is 10 - -1300022?
1300032
In base 12, what is -10445a + 3?
-104457
In base 8, what is -172630 + 3?
-172625
In base 3, what is 20101010122 - -12?
20101010211
In base 13, what is 1 - -493c?
4940
In base 16, what is 6e - -dd7?
e45
In base 14, what is -64 + bb4a?
bac6
In base 14, what is 14 - 1042a?
-10416
In base 10, what is 85 - -42?
127
In base 2, what is 1111100 - -10000000100?
10010000000
In base 7, what is 624206 - 11?
624165
In base 12, what is 1330 - -a?
133a
In base 12, what is -1a2a - -2b?
-19bb
In base 10, what is 1 - -16860?
16861
In base 2, what is 111010010001010 - -1?
111010010001011
In base 14, what is -3b + bc?
81
In base 11, what is -2 - 249568?
-24956a
In base 14, what is 250b6c - -3?
250b71
In base 9, what is -6825 - -136?
-6678
In base 13, what is -27a0 - b?
-27ab
In base 7, what is -1002 + 50355?
46353
In base 15, what is -9 - 46?
-50
In base 15, what is -ce0a + 5?
-ce05
In base 6, what is -10 + -1534343?
-1534353
In base 7, what is -165105 - -23?
-165052
In base 4, what is 200222 - 113333?
20223
In base 4, what is 3312121 - -12?
3312133
In base 2, what is -11010111101 - -10000011?
-11000111010
In base 13, what is -7 - -85b2?
85a8
In base 2, what is 10000001100111110010 - 101?
10000001100111101101
In base 9, what is -2024 + -78?
-2113
In base 12, what is 290 - -453?
723
In base 15, what is 19bb + 1c0?
1b8b
In base 11, what is -144 + 2a67?
2923
In base 13, what is 117 + 312?
429
In base 12, what is 3 - 134626?
-134623
In base 13, what is -162a9 + 1a?
-1628c
In base 8, what is 1413760 + 4?
1413764
In base 5, what is 122 + -22304?
-22132
In base 3, what is -10002101020 - -2?
-10002101011
In base 7, what is -3040406 - 5?
-3040414
In base 16, what is -d - -15bcd?
15bc0
In base 5, what is 3302 + -2001?
1301
In base 6, what is 102 - -125?
231
In base 16, what is 1cf920 + 2?
1cf922
In base 11, what is -89aa4 + 0?
-89aa4
In base 6, what is -42 + -124?
-210
In base 4, what is 111331 - 10333?
100332
In base 8, what is -414706 + 33?
-414653
In base 6, what is -232 + 23010?
22334
In base 5, what is 21131331 - 2?
21131324
In base 11, what is 2491 - 4?
2488
In base 9, what is 238 + -454?
-215
In base 4, what is 13231123 + -321?
13230202
In base 7, what is 0 + 522560?
522560
In base 7, what is 61 + 1255?
1346
In base 11, what is -87363 + -5?
-87368
In base 3, what is -12 - -12020101?
12020012
In base 16, what is 13ea - 8?
13e2
In base 4, what is 32221202 - -10?
32221212
In base 10, what is 195 + 7403?
7598
In base 15, what is -1e - 134?
-153
In base 5, what is -34 + -1020224?
-1020313
In base 12, what is -2 + -a8b2?
-a8b4
In base 12, what is 4ab5 + 2?
4ab7
In base 15, what is -3b2b + -1b?
-3b47
In base 12, what is -85311 + 0?
-85311
In base 13, what is 6114 + -1?
6113
In base 9, what is -217 - 268?
-486
In base 12, what is -153 + -184?
-317
In base 3, what is 211121 + 1110?
220001
In base 8, what is 137156 - -14?
137172
In base 14, what is -33a8b - 0?
-33a8b
In base 16, what is 9e - 131?
-93
In base 2, what is 1100100110000010 + -10?
1100100110000000
In base 13, what is -6 + c233?
c22a
In base 3, what is -2012212 - -11?
-2012201
In base 7, what is -22534 + -122?
-22656
In base 7, what is 5 + 14251?
14256
In base 15, what is 0 + 1414?
1414
In base 13, what is -448acc + 0?
-448acc
In base 10, what is -134 - 228?
-362
In base 10, what is 17 + 17181?
17198
In base 8, what is 16 - -64746?
64764
In base 10, what is 2 + -34499?
-34497
In base 14, what is -53 - -cb64?
cb11
In base 7, what is -52442 - 103?
-52545
In base 14, what is -268a - -11?
-2679
In base 6, what is -1144 + -2440?
-4024
In base 6, what is 240200 + -45?
240111
In base 15, what is 4ce8b - 9?
4ce82
In base 9, what is -4 + 50235?
50231
In base 3, what is 11100 + 1222111?
2010211
In base 3, what is 10 - -10012002?
10012012
In base 4, what is -231303023 - -2?
-231303021
In base 15, what is 3 + -7e32?
-7e2e
In base 14, what is -1b5050 + 1?
-1b504d
In base 7, what is -301 - 3001?
-3302
In base 2, what is -101111 - 10100111111000?
-10101000100111
In base 9, what is -2224 - 371?
-2605
In base 12, what is 6029 + -2b?
5bba
In base 2, what is -1011010010110 + -110?
-1011010011100
In base 9, what is 51818 - -12?
51831
In base 3, what is -210222222 + -110?
-211000102
In base 5, what is 3213143 + 4?
3213202
In base 5, what is -404244 - -40?
-404204
In base 9, what is 424 - 140?
274
In base 14, what is 37209 + 0?
37209
In base 15, what is -bc - -35b?
28e
In base 15, what is a76a + -4?
a766
In base 3, what is -10 + -1220211112121?
-1220211112201
In base 4, what is 1323122301 - 3?
1323122232
In base 14, what is -8bb38 - 1?
-8bb39
In base 13, what is -a6c02a - 3?
-a6c030
In base 13, what is 3 - -151c0?
151c3
In base 4, what is 11 - 12300203?
-12300132
In base 6, what is -14302153 - 5?
-14302202
In base 12, what is 290 - -8555?
8825
In base 16, what is -d1f1 - 0?
-d1f1
In base 7, what is -16004 - -4?
-16000
In base 7, what is -4322554 + 4?
-4322550
In base 3, what is 2110100 + -10?
2110020
In base